*2 + 33*c. Let x(q) = -32*q**2 + 17*q. Let s(t) = -3*a(t) + 5*x(t). Let f(r) = -10*r**2 + 5*r. Let y(m) = -11*f(m) - 4*s(m). What is y(-1)?
-7
Let a(t) = -t**3 - 3*t**2 + 6. Let j(v) = 2*v**2 - v - 3. Let b(f) = a(f) + j(f). Determine b(0).
3
Let i(g) be the third derivative of -1/60*g**5 - 1/24*g**4 + 0 + 0*g**3 + 0*g + g**2 - 1/15*g**6. Suppose -17*p = -p + 16. Determine i(p).
8
Let v(q) = -4*q**2 - 2*q - 7. Let s(a) = 1. Let g(m) = 6*s(m) + v(m). Let z be (6 + (-9)/3)*1. Let b be 1 + -1 - (z + -2). Calculate g(b).
-3
Suppose 25*o + 67 = -83. Let f(i) = -i**3 - 5*i**2 + 4*i - 8. Give f(o).
4
Suppose -5*s + 20 = -0*s - 5*m, -2*s = -3*m - 11. Let g(v) = -3*v - 2 + v**2 - 3 - s - 2*v**2. What is g(-5)?
-16
Let t = -188 - -183. Suppose 3*r - r = -6. Let n(a) = -a**2 + 1. Let x(f) = 4*f**2 + 2*f - 10. Let k(q) = r*n(q) - x(q). Determine k(t).
-8
Let k(g) = 14*g - 16*g + 2 - 1 + 1. Determine k(-5).
12
Let z(a) = 5*a + 1. Suppose -4*o + 3*p + 4 - 17 = 0, -3*o - 5*p + 12 = 0. What is z(o)?
-4
Let m(g) = g - 8*g - 1 + 20*g. Calculate m(2).
25
Let a(r) = -r**2 - 6*r + 2. Let k be a(-6). Let p(q) = 6*q - 5*q**2 + q**3 - 4*q**2 - 1 + 2*q**k. Let d(x) = -18*x - 120. Let w be d(-7). Determine p(w).
-1
Suppose 26*l = 41*l - 120. Let a(c) = -c**3 + 9*c**2 - 10*c + 14. What is a(l)?
-2
Let l(n) = 4*n - 2. Let a be -4*((-42)/8 - -4). Determine l(a).
18
Let x(q) = q + 2 + 2 - 9 + 27. What is x(-5)?
17
Let v(p) be the third derivative of p**5/60 + 5*p**4/12 + p**3/2 + 233*p**2. Give v(-10).
3
Let j(k) = k**2 - k + 4. Let b(u) = 4*u**2 - 2*u + 5. Let n(r) = -b(r) + 3*j(r). Suppose 4*a - 5*g + 30 = 0, -5*g - 18 = 5*a - 3. Determine n(a).
-13
Let p(g) = -g**2 + 7*g + 4. Suppose 5*x = -2*h - 7 + 1, -4 = -4*h - 2*x. Suppose 4*i + 5*r - 18 = 0, -5*i + h*r - 18 = -57. What is p(i)?
4
Suppose -5*t + 37 = -i, 3*t - 2*i = -6*i + 13. Suppose 5*h + t + 28 = 0. Let n(v) = v - 3. Determine n(h).
-10
Suppose -27*s + 30 = -32*s. Let v(i) be the first derivative of -i**3/3 - 2*i**2 - 4*i - 2. What is v(s)?
-16
Let l(v) be the third derivative of -v**6/120 + 11*v**5/60 - 5*v**4/12 - 3*v**3/2 + 3*v**2 + 25*v. Give l(10).
-9
Let m(h) = -3*h + 32 + h**2 - 27 - 3*h. Suppose 0 = 3*n + n - 28. Let u = -1 + n. Calculate m(u).
5
Suppose -2 = -2*j - 0. Let g(y) = 16*y**2 + j + 7*y - 15*y**2 + 5. Determine g(-5).
-4
Let o(g) = 4*g + 1 + 4 + 3*g + 18*g**2 - 17*g**2. What is o(-4)?
-7
Let a(f) be the first derivative of -f**2/2 + 7*f - 12. Determine a(-10).
17
Let f(y) be the second derivative of 0 + y - 1/6*y**3 - 4*y**2. Let c = -7927 + 7920. What is f(c)?
-1
Let x be 10/(-4)*(264/40 - 11). Let u(s) = -2*s + 24. Determine u(x).
2
Let g(w) be the first derivative of -w**4/24 - w**3/2 - 9*w**2 + 34. Let a(y) be the second derivative of g(y). Let j = 0 - -7. What is a(j)?
-10
Suppose -5*u = -20 + 5. Let p(o) = -4 + 3*o - 3*o**2 + 0*o + 2*o. Give p(u).
-16
Let d(m) = 9 + 9 + 4*m - m - 14. Let f be -1 + -2 - -11 - (-15)/(-5). Determine d(f).
19
Let t(s) = -11*s - 14. Let m(q) = -6*q - 7. Let b(h) = -5*m(h) + 3*t(h). What is b(-4)?
5
Let y = 37 + -20. Suppose y*u = 6*u + 11. Let c(b) = -3 + 3 - 7*b**3 + b**2. What is c(u)?
-6
Let c(g) = g**3 - 9*g**2 - 19*g + 92. Let s be c(10). Let n(f) = -4*f + 5*f + f**3 + 2*f - 2. Calculate n(s).
12
Let s(m) = -4*m + 237. Let f be s(59). Let w(g) be the third derivative of g**4/8 - g**3/6 - 2*g**2. Calculate w(f).
2
Suppose 3*d - 1 = -5*q, -d - 5*q - 7 = -7*q. Let v(f) = -f**3 - f**2 - f - 2. Determine v(d).
19
Let l(n) = n**3 + 4*n**2 + 2*n - 1. Let t be l(-3). Let f(p) = 3 - 2 - 4*p - t + p. What is f(4)?
-13
Let p(c) = -8*c**3 + 0*c + c + 0*c**3 + 2 + c**3 + 4*c**3. Determine p(-2).
24
Let j(f) = f - f**2 - 7*f + 7*f + 9*f - 2 + 0*f**2. Give j(7).
19
Let z(u) = -u. Let o(c) = -3*c - 13. Suppose 0 = -3*i + 7*i - 48. Let p be (i/(-8))/((-1)/(-2)). Let f be o(p). Determine z(f).
4
Suppose -4*h = -5*o - 59, 3*h + 33 = -3*o + 30. Let v(k) = -7*k**2 + 7*k - 12. Let c(j) = 4*j**2 - 3*j + 6. Let z(q) = -5*c(q) - 3*v(q). What is z(h)?
6
Suppose -39*h + 83 + 367 = 36*h. Let b(p) = 2*p**3 + 9*p**2 - 5*p - 3. Let u(z) = z**3 + 8*z**2 - 4*z - 2. Let i(r) = 2*b(r) - 3*u(r). Determine i(h).
12
Let z(y) = -y**3 + 7*y**2 - y + 4. Let j = 12 + -10. Let f = 5 + j. Let k be z(f). Let h(i) = -i + 3. Give h(k).
6
Suppose 4*x - 2*t = -24, -4*x = -9*x - t - 16. Let r(s) = s**3 + 3*s**2 - 5*s + 2. Determine r(x).
6
Let p(u) = u**2 - 5*u + 2. Let j(g) = -19*g + 10*g**2 - 5*g**2 + 4 + 5. Let q(t) = -2*j(t) + 9*p(t). Calculate q(-7).
0
Suppose 5*u - 48 = -13. Let a(t) = 7*t + 17*t**2 - t**3 - 22*t**2 + 2 - u*t. Let m = -3 - 1. What is a(m)?
-14
Let t be 4 + (4 + 4)*-5. Let c = 43 + t. Let p(r) = -r**2 + 8*r - 9. Determine p(c).
-2
Let x(c) = 726*c - 729*c + c**2 - 9 + 2. What is x(8)?
33
Suppose q + 1 = 4. Let c be 0 - 3/(-3) - -3. Let a(r) = 3*r + r - 3 - c*r + r. What is a(q)?
0
Let w(y) = y**2 - 10*y + 15. Let t(n) = -n**2 + 12*n - 13. Let g be t(10). Determine w(g).
-6
Let v(k) be the third derivative of 1/8*k**4 + 1 - 13*k**2 + 0*k**3 + 0*k. Determine v(1).
3
Let s(d) be the second derivative of -d**6/360 - d**5/60 + d**4/4 - d**3/2 + 5*d. Let i(q) be the second derivative of s(q). Let t = 38 + -43. Calculate i(t).
-9
Let u = -15 - -21. Suppose 0 = -2*v + u*v. Suppose -2*i - 11 = -r, v = -3*i - 5*r + r - 22. Let x(n) = n**3 + 5*n**2 - 7*n - 3. What is x(i)?
3
Let h(m) = -3*m**2 - 53*m + 24. Let q be h(-18). Let i(k) = 2*k - 6. What is i(q)?
6
Let c(l) be the second derivative of -7/2*l**2 + 0 + 1/12*l**4 - 4*l + 1/3*l**3. Determine c(-5).
8
Let t(n) = n**2 - 7*n. Let y = -7 - -9. Suppose 3*h = y*h + 4. Suppose 5*z + 19 = h*m, 34 = 2*m + 3*m + 4*z. Calculate t(m).
-6
Let h be 2/(-4)*-2 + 0. Suppose -25 + 31 = 2*f. Let x(l) = l**2 + 30*l**3 - l + 2*l - 1 - 14*l**3 - 12*l**f. Determine x(h).
5
Suppose 3*k - 3 = 4*w - 0, -2*k + 2 = 2*w. Let z(d) = k - d**2 + 5*d**2 + 3*d**2 + 2*d. Let n be -1*3/3 - 0. Determine z(n).
6
Let c(u) be the first derivative of -2*u**3/3 - 13*u**2/2 - 8*u + 578. What is c(-5)?
7
Let p(h) = -6*h + 5. Let r(s) = -3*s + 2. Suppose 12 = -17*t + 21*t. Let i(y) = t*p(y) - 5*r(y). Suppose 8*z - 3*z + 4*o = 20, -2*z + 8 = 2*o. What is i(z)?
-7
Let o(p) be the second derivative of -p**3/2 - 3*p**2/2 + p. Let t(s) = -s**3 - 10*s**2 + 11*s - 11. Let m be t(-11). Let f = -8 - m. Determine o(f).
-12
Let q(n) = -3*n + 4 + n**2 + 2*n + 3*n - 7*n. Suppose 0 = 5*z - 20 - 5. What is q(z)?
4
Let y(l) = -l**2 - 10*l + 23. Suppose 5*p - 7*p = 0, 5*x = -p - 60. Calculate y(x).
-1
Let t(s) = -s**2 + 21*s - 64. Let x be t(17). Let q(w) = x - 5 + 0 - 3*w + 2*w. Suppose -z = -0*z - 7. Calculate q(z).
-8
Let v = 1/594 - -742/297. Let z(r) be the first derivative of v*r**2 - 2 - 3*r. What is z(3)?
12
Let r(y) = -2 + 3*y - 18*y**2 - 15*y**2 + 26*y**2. Determine r(2).
-24
Let n = -868 - -864. Let d(w) = 4*w - 13. What is d(n)?
-29
Suppose -5*l + m - 28 = 0, 2*l - m - 5 = -6*m. Suppose d = -4*d + 3*u + 15, -5*d = 3*u - 15. Let j(g) = -6*g**2 + 7*g**2 + d*g + 6*g + 4 - 2*g. Calculate j(l).
-6
Let k be (-28)/(-6)*33/(-22). Let w = k - -38. Suppose 0 = -4*y + 3*x - w, -4*x + 13 = -y + 2. Let j(s) = -2*s - 7. Give j(y).
7
Suppose -5*l + 13 = 4*v + 1, 0 = -4*l. Let p(k) = -3*k**2 + 5*k - 2. What is p(v)?
-14
Suppose 0 = -6*o + o - 10. Let w(p) = -p - 3. Let d(t) = -t + 1. Let l(u) = o*d(u) + w(u). Calculate l(4).
-1
Let g(a) be the second derivative of -a**5/20 - 5*a**4/6 - a**3/3 - 11*a**2/2 + 3*a + 10. Determine g(-10).
9
Let x(r) = 17*r + r**2 - 17*r + 6*r**3 - 1 - 7*r**3. Calculate x(3).
-19
Let m(y) = y**2 + y - 2. Suppose 50*x - 49*x - 2 = 0. Determine m(x).
4
Let p(n) = 196*n - 94*n - 100*n + 12. What is p(-12)?
-12
Let h be 46 + -3 + (-1 - 3). Suppose -39 = -5*m - h. Let w(y) = y**3 - y**2 - y + 6. Determine w(m).
6
Let q(h) be the third derivative of -h**5/15 + 5*h**4/24 + 5*h**3/3 - 947*h**2. Determine q(-2).
-16
Let i(o) be the first derivative of o**4/4 - 7*o**3/3 + 7*o**2/2 - 5*o + 141. What is i(6)?
1
Suppose -18*n + 22*n + 5*i = -49, 34 = -3*n - i. Let x(j) = j**3 + 11*j**2 + 5. What is x(n)?
5
Let b(k) = 3*k**3 + k**2. Let t be 11 - (2/(-3) + 6/9). Suppose 9 = 3*z, 2*y - z = 2*z - t. Calculate b(y).
-2
Let c(z) be the third derivative of -z**6/120 - z**5/60 - 11*z**3/6